t is the units digit of d(-4)?
8
Suppose -4*o = -9 - 11. Suppose o*l - k + 11 = 0, -3*l + k = 5*k + 2. What is the tens digit of -3 + (-106)/l + 0?
5
Suppose -223 = -3*n - 4*d, 0 = -2*n - 0*n - 5*d + 137. Let v = n - 51. What is the tens digit of v?
3
Let b(q) = -q**3 + 16*q**2 + 5*q + 2. Let i be b(16). Let n = i - 65. What is the units digit of n?
7
Let c = 12 - 11. Let y(q) = -c + q + 2*q - 2 + 1. What is the units digit of y(4)?
0
What is the tens digit of (8/(-40) + (-515)/(-75))*3?
2
Suppose -2*a + 4*a = 2*k + 2, -4*a + 8 = 0. What is the units digit of 75 + (2 - 5) + k?
3
Let k(n) = 258*n**3 + n**2 - n + 7. What is the hundreds digit of k(2)?
0
Let j be (-3)/((-30)/(-8)) - 3/15. What is the tens digit of 9/((1/(-11))/j)?
9
Let p(a) = -3*a + 5*a + 2 + 6*a + 3*a. Let n be p(2). Suppose 295 = n*v - 19*v. What is the units digit of v?
9
Suppose -13*f + 14*f - 167 = 0. Let d = f - 117. What is the tens digit of d?
5
Let f(a) = 40*a - 998. What is the tens digit of f(32)?
8
Let i(s) = 2*s**3 + 2*s**2 + 7*s - 31. Let b(x) = -x**3 - x**2 - 3*x + 15. Let p be 3/2 - 6/(-12). Let u(r) = p*i(r) + 5*b(r). What is the units digit of u(0)?
3
What is the units digit of (-2)/5 + (-133952)/(-230)?
2
What is the tens digit of 0 - (1524/(-4) - -3)?
7
Let b = 12 + -5. Suppose -b = q - 0. Let d = q - -13. What is the units digit of d?
6
Let y(l) = 3*l**2 - 26*l - 10. What is the hundreds digit of y(17)?
4
Let l(y) = -6*y - 1. Let p(n) be the first derivative of -n**3/3 - 3*n**2 - 6*n + 8. Let w be p(-5). What is the units digit of l(w)?
5
What is the units digit of (-15)/(-90) - 742/(-12)?
2
Let v(b) = -2*b**2 - 14*b - 9. Let s be v(-6). Suppose 0 = -s*h + 4*g + 139, -3*g - 13 = -3*h + 125. What is the tens digit of h?
4
Let v(l) = 2*l - 31. Let n(r) = r - 15. Let p(w) = 7*n(w) - 3*v(w). Let j be p(9). What is the units digit of 11 - (j - -6) - -4?
2
Let s(w) = -w**2 + 6*w + 1. Let l be s(6). Suppose l - 5 = -d. Let q = 26 - d. What is the tens digit of q?
2
Let w be ((-2)/(-3))/((-1)/(-3)). Suppose 0 = -w*g - 0 - 2. What is the units digit of 2 - (4 - g) - -22?
9
What is the units digit of (235 + (-56)/(-8))*4?
8
Let r = -99 + 115. Let w = 88 - r. What is the tens digit of w?
7
Let d(z) = 2*z**2 - 9*z + 1. Let o be d(6). Let h = o + -5. What is the tens digit of h?
1
Let i be ((-12)/9)/(6/9). Let o = -14 - i. Let k(a) = a**2 + 12*a + 10. What is the tens digit of k(o)?
1
Suppose -3*m + 1 - 22 = 0. What is the tens digit of (-2 - (-4 - m))*-13?
6
Let u(f) = f**2 - 1. Let r be u(-2). Suppose -r*c - 4 = -169. Suppose 4*j + t = c, -2*j + 3*t + 30 = j. What is the units digit of j?
3
Let k(u) = 14*u**2 - u - 1. Let b be k(-1). Suppose b + 1 = 3*t. Suppose -3*p - 9 = -t*f - 92, 48 = 2*p + 4*f. What is the units digit of p?
6
Let g = -2147 + 3094. What is the hundreds digit of g?
9
Let u be 4/(-18) + (-31900)/(-99). What is the tens digit of u/7 + (0 - 1)?
4
Let a(i) = i - 16. Let h be a(8). Let v(l) = 2*l**2 - 3*l - 19. What is the hundreds digit of v(h)?
1
Let a = 8 + -4. Suppose r = -5*d + 42, -3 = -5*r - a*d + 186. Suppose 2*z - 4*x - 89 = -r, -3*x = -4*z + 99. What is the tens digit of z?
2
Suppose 8*i - 996 = 2*i. Suppose i = 4*u - 66. What is the units digit of u?
8
Let d(q) = 72*q - 13. What is the units digit of d(3)?
3
Suppose -3*l - 438 = -6*l. What is the hundreds digit of l?
1
What is the tens digit of ((-9 + 19242)/9)/1?
3
Suppose 0 = 3*l - 1 + 22. Let s be 2/l + (-618)/(-7). Suppose 3*h - 17 - s = 0. What is the tens digit of h?
3
Let a = -15 + 9. What is the tens digit of a*(-12 + 3)*1?
5
Suppose -2*w = -5*c + 4998, w = -4*c - 2*w + 3980. What is the hundreds digit of c?
9
Let d(l) = l**2 - l. Let z(u) = 14*u**2 - 2*u + 6. Let x(f) = -3*d(f) + z(f). What is the tens digit of x(-3)?
0
Suppose -j + 620 = 5*f, -5*f + 1235 = 19*j - 17*j. What is the tens digit of j?
1
Suppose -3*t + h + 0*h = -8, 4 = 4*h. Suppose -3*s - 8 + 38 = 0. Let q = s - t. What is the units digit of q?
7
Let c be 5/30 + (-38)/12. What is the tens digit of (303/(-9))/(1/c)?
0
Let f(s) = -s - 5. Let i(v) = v**3 + v**2 - 14. Let c be i(0). What is the units digit of f(c)?
9
Suppose -4*s + 2 = -2*m, -5*m + s + 10 = -3. Let a(f) = 67 + 3*f - 4*f + f - f - f**m + f**2. What is the tens digit of a(0)?
6
Let y(j) = 5*j**3 + 2*j - 2. Let s be y(1). Suppose s*w - 156 = 2*w. Let r = -19 + w. What is the tens digit of r?
3
Let b = 1030 + -406. What is the hundreds digit of b?
6
Suppose -5 = -11*x + 50. Suppose -5*c + 946 = -3*f + 183, -x*c - 2*f + 758 = 0. What is the units digit of c?
2
Let v(b) be the second derivative of 19*b**4/12 + 2*b**3/3 + 9*b. What is the units digit of v(1)?
3
Let z(t) be the third derivative of -t**5/60 - t**4/24 - 4*t**2. Let x(b) = -4. Let k(l) = x(l) - z(l). What is the units digit of k(3)?
8
Suppose -4*c = -2*i + 580, 0*i - 435 = 3*c - 2*i. Let d = 255 + c. Suppose 5*p - 5*k = -3*k + d, -5*p = 5*k - 75. What is the tens digit of p?
2
Let k(j) = -14*j - 346. What is the tens digit of k(-40)?
1
Let t be 0 + 5 + 1 + -4. Suppose t*z - 84 - 8 = 0. What is the tens digit of z?
4
Let b = -17 - -22. Suppose 603 = b*v - 307. What is the tens digit of v?
8
Let p = -12 + 6. Let j be -26*4/8*-3. Let n = j - p. What is the units digit of n?
5
Let w(z) = -z**3 + 5*z**2 + 5*z + 2. Suppose 6*q - 12 = 3*q. What is the units digit of w(q)?
8
Let a = 14 - 10. Suppose -a*c - 3*n = -279, -2*n + 75 = 2*c - 67. What is the tens digit of c?
6
Let a = -2654 + 4159. What is the hundreds digit of a?
5
Suppose -a - 12 = -4*j, 7*a = 3*a. Suppose -5*t + 1 = -24. Suppose -2*p + 9 = p, -t*p + 63 = j*b. What is the tens digit of b?
1
Suppose 0 = 3*g - 11*g + 5288. What is the units digit of g?
1
Let g be 5 - 3*(-1 + 2). Suppose -20 = -g*b + 7*b, 4*y + 2*b = 0. Suppose -l = -y*p + 2, 0 = 2*p - p + l - 7. What is the units digit of p?
3
Suppose a - 3*d = 3903, d - 5477 = -2*a + 2294. What is the tens digit of a?
8
Suppose -y - 4 = 2*r + r, 3*r = 5*y - 16. Suppose 4*b - y*b - 40 = 0. What is the tens digit of b?
2
Let z(l) = l**2 + 5*l + 1. Let q(v) = -v + 11. Let n be q(14). Let o(f) = -f**2 + 3. Let a be o(n). What is the units digit of z(a)?
7
What is the thousands digit of (-1)/(-5) + -3156*77/(-165)?
1
Suppose 5*w = -15, -w - 11444 + 1169 = -4*l. What is the thousands digit of l?
2
Let x(y) = 30*y - 83. What is the tens digit of x(37)?
2
Let z be 12/(1 - -2) - 4. Suppose s + 34 - 11 = z. Let u = s + 43. What is the tens digit of u?
2
Suppose 349 = 5*h - 946. Suppose 4*l = h + 109. What is the units digit of l?
2
What is the hundreds digit of 2/7 - (-29478)/119?
2
Let h(z) = -z**3 + 2*z**2 + 4*z - 1. Let g be h(4). Let b = -11 - g. What is the units digit of b?
6
Let m(i) = 2*i + i + 2*i + 8. Suppose 5*x - 2*l = 1 + 23, 0 = -4*x - 5*l + 6. What is the units digit of m(x)?
8
Let n(l) = -2*l**2 - 1477*l**3 + 1475*l**3 - 5*l - 3*l - 9. What is the hundreds digit of n(-5)?
2
Let p(l) = 2*l**2 - 3*l + 4. Let q be p(3). Suppose i = 2*w + 4, 3*i - 9 = -4*w + q. Suppose 2*m + 16 = i*m. What is the units digit of m?
4
Let p = -11 + 11. Let l = 2 + p. Suppose l*c = -0*c + 42. What is the units digit of c?
1
Suppose -5*g = s - 4595, 3*g - 2*s - 2*s = 2734. What is the units digit of g?
8
Let t(o) be the second derivative of -o**5/20 - o**4/6 - o**3/2 - 3*o**2 - 31*o. What is the units digit of t(-3)?
2
Let m(a) = 105*a - 106. What is the hundreds digit of m(8)?
7
Let b(j) = 5*j**2 + j + 24. What is the tens digit of b(-7)?
6
Suppose -4*h = -23 + 7. Suppose -3*r - 4*b = -726, 2*r + 2*b + 498 = h*r. Suppose -r = -5*q - 56. What is the units digit of q?
8
Suppose 0*j = j - 315. Let i = -124 + j. What is the hundreds digit of i?
1
Let o(k) = 7*k**2 - 20*k + 69. What is the units digit of o(5)?
4
What is the tens digit of (4/(-10))/(43/(-46440))?
3
Suppose 2*m - 25 = 3. Let n = -12 + m. Suppose -w - n*w + 45 = 0. What is the tens digit of w?
1
Let v(k) = -12*k - 28. Let x(p) = -8*p - 19. Let s(a) = -5*v(a) + 7*x(a). What is the tens digit of s(13)?
5
Let m be (2/(-4)*0)/(16/4). Suppose 10*x - 12*x + 138 = m. What is the units digit of x?
9
Let c = 1338 + 1622. What is the thousands digit of c?
2
Let u = 2 - -99. Let s = u + -67. What is the tens digit of s*(-1)/4*-2?
1
Suppose 0 = -3*o - 0*o - 2*a + 5